{"id":779,"date":"2022-02-13T16:32:27","date_gmt":"2022-02-13T16:32:27","guid":{"rendered":"https:\/\/demo.creativethemes.com\/stagingfour\/?page_id=654"},"modified":"2024-02-19T12:53:27","modified_gmt":"2024-02-19T11:53:27","slug":"contact","status":"publish","type":"page","link":"http:\/\/joaliskapky.cz\/index.php\/contact\/","title":{"rendered":"Kontakty"},"content":{"rendered":"\n<div class=\"wp-block-stackable-spacer stk-block-spacer stk--no-padding stk-block stk-3cdf45c\" data-block-id=\"3cdf45c\"><style>.stk-3cdf45c{height:100px !important}@media screen and (max-width:1023px){.stk-3cdf45c{height:70px !important}}@media screen and (max-width:767px){.stk-3cdf45c{height:50px !important}}<\/style><\/div>\n\n\n\n<div class=\"wp-block-stackable-columns stk-block-columns stk-block stk-d5bda58\" data-block-id=\"d5bda58\"><style>.stk-d5bda58{margin-bottom:0px !important}.stk-d5bda58-column{--stk-column-gap:130px !important;row-gap:60px !important}@media screen and (max-width:1023px){.stk-d5bda58-column{--stk-column-gap:50px !important}}<\/style><div class=\"stk-row stk-inner-blocks has-text-align-center-mobile stk-block-content stk-content-align stk-d5bda58-column\">\n<div class=\"wp-block-stackable-column stk-block-column stk-column stk-block stk-bd4e243\" data-v=\"4\" data-block-id=\"bd4e243\"><style>.stk-bd4e243-container{margin-top:0px !important;margin-right:0px !important;margin-bottom:0px !important;margin-left:0px !important}@media screen and (min-width:768px){.stk-bd4e243{flex:1 1 calc(65% - var(--stk-column-gap,0px) * 1 \/ 2 ) !important}}<\/style><div class=\"stk-column-wrapper stk-block-column__content stk-container stk-bd4e243-container stk--no-background stk--no-padding\"><div class=\"stk-block-content stk-inner-blocks stk-bd4e243-inner-blocks\">\n<div class=\"wp-block-stackable-heading stk-block-heading stk-block-heading--v2 stk-block stk-0acf7f0\" id=\"objednat-se\" data-block-id=\"0acf7f0\"><style>.stk-0acf7f0{margin-bottom:20px !important}@media screen and (max-width:767px){.stk-0acf7f0 .stk-block-heading__text{font-size:25px !important}}<\/style><h2 class=\"stk-block-heading__text\">Objednat se<\/h2><\/div>\n\n\n<div class=\"wpforms-container wpforms-block wpforms-block-a22713f8-b07f-4612-a861-757ee0bd1e41 wpforms-render-modern\" id=\"wpforms-776\"><form id=\"wpforms-form-776\" class=\"wpforms-validate wpforms-form\" data-formid=\"776\" method=\"post\" enctype=\"multipart\/form-data\" action=\"\/index.php\/wp-json\/wp\/v2\/pages\/779\" data-token=\"f34b0a91b5d31b3017538faeb7a06011\" data-token-time=\"1777802346\"><noscript class=\"wpforms-error-noscript\">Chcete-li vyplnit tento formul\u00e1\u0159, pros\u00edm povolte v prohl\u00ed\u017ee\u010di JavaScript.<\/noscript><div id=\"wpforms-error-noscript\" style=\"display: none;\">Chcete-li vyplnit tento formul\u00e1\u0159, pros\u00edm povolte v prohl\u00ed\u017ee\u010di JavaScript.<\/div><div class=\"wpforms-field-container\"><div id=\"wpforms-776-field_0-container\" class=\"wpforms-field wpforms-field-name\" data-field-id=\"0\"><label class=\"wpforms-field-label\" for=\"wpforms-776-field_0\">Jm\u00e9no a p\u0159ijmen\u00ed <span class=\"wpforms-required-label\" aria-hidden=\"true\">*<\/span><\/label><input type=\"text\" id=\"wpforms-776-field_0\" class=\"wpforms-field-small wpforms-field-required\" name=\"wpforms[fields][0]\" placeholder=\"Jm\u00e9no *\" aria-errormessage=\"wpforms-776-field_0-error\" required><\/div><div id=\"wpforms-776-field_1-container\" class=\"wpforms-field wpforms-field-email\" data-field-id=\"1\"><label class=\"wpforms-field-label\" for=\"wpforms-776-field_1\">Email <span class=\"wpforms-required-label\" aria-hidden=\"true\">*<\/span><\/label><input type=\"email\" id=\"wpforms-776-field_1\" class=\"wpforms-field-medium wpforms-field-required\" name=\"wpforms[fields][1]\" placeholder=\"Va\u0161e emailov\u00e1 adresa *\" spellcheck=\"false\" aria-errormessage=\"wpforms-776-field_1-error\" required><\/div><div id=\"wpforms-776-field_3-container\" class=\"wpforms-field wpforms-field-text\" data-field-id=\"3\"><label class=\"wpforms-field-label\" for=\"wpforms-776-field_3\">Kdy se v\u00e1m to hod\u00ed? <span class=\"wpforms-required-label\" aria-hidden=\"true\">*<\/span><\/label><input type=\"text\" id=\"wpforms-776-field_3\" class=\"wpforms-field-medium wpforms-field-required\" name=\"wpforms[fields][3]\" placeholder=\"Datum *\" aria-errormessage=\"wpforms-776-field_3-error\" required><\/div><div id=\"wpforms-776-field_6-container\" class=\"wpforms-field wpforms-field-checkbox wpforms-list-2-columns\" data-field-id=\"6\"><fieldset><legend class=\"wpforms-field-label\">Chci se objednat na:<\/legend><ul id=\"wpforms-776-field_6\" class=\"wpforms-image-choices wpforms-image-choices-modern\"><li class=\"choice-1 depth-1 wpforms-image-choices-item\"><label class=\"wpforms-field-label-inline\" for=\"wpforms-776-field_6_1\" tabindex=\"0\"><span class=\"wpforms-image-choices-image\"><img decoding=\"async\" src=\"http:\/\/joaliskapky.cz\/wp-content\/uploads\/2024\/02\/1.png\" alt=\"Konzultaci\" title=\"Konzultaci\"><\/span><input type=\"checkbox\" id=\"wpforms-776-field_6_1\" class=\"wpforms-screen-reader-element\" name=\"wpforms[fields][6][]\" value=\"Konzultaci\" aria-errormessage=\"wpforms-776-field_6_1-error\" tabindex=\"-1\"  ><span class=\"wpforms-image-choices-label\">Konzultaci<\/span><\/label><\/li><li class=\"choice-2 depth-1 wpforms-image-choices-item\"><label class=\"wpforms-field-label-inline\" for=\"wpforms-776-field_6_2\" tabindex=\"0\"><span class=\"wpforms-image-choices-image\"><img decoding=\"async\" src=\"http:\/\/joaliskapky.cz\/wp-content\/uploads\/2024\/02\/2.png\" alt=\"Kontrolu\" title=\"Kontrolu\"><\/span><input type=\"checkbox\" id=\"wpforms-776-field_6_2\" class=\"wpforms-screen-reader-element\" name=\"wpforms[fields][6][]\" value=\"Kontrolu\" aria-errormessage=\"wpforms-776-field_6_2-error\" tabindex=\"-1\"  ><span class=\"wpforms-image-choices-label\">Kontrolu<\/span><\/label><\/li><li class=\"choice-3 depth-1 wpforms-image-choices-item\"><label class=\"wpforms-field-label-inline\" for=\"wpforms-776-field_6_3\" tabindex=\"0\"><span class=\"wpforms-image-choices-image\"><img decoding=\"async\" src=\"http:\/\/joaliskapky.cz\/wp-content\/uploads\/2024\/02\/3.png\" alt=\"Mas\u00e1\u017e Ceragem\" title=\"Mas\u00e1\u017e Ceragem\"><\/span><input type=\"checkbox\" id=\"wpforms-776-field_6_3\" class=\"wpforms-screen-reader-element\" name=\"wpforms[fields][6][]\" value=\"Mas\u00e1\u017e Ceragem\" aria-errormessage=\"wpforms-776-field_6_3-error\" tabindex=\"-1\"  ><span class=\"wpforms-image-choices-label\">Mas\u00e1\u017e Ceragem<\/span><\/label><\/li><li class=\"choice-4 depth-1 wpforms-image-choices-item\"><label class=\"wpforms-field-label-inline\" for=\"wpforms-776-field_6_4\" tabindex=\"0\"><span class=\"wpforms-image-choices-image\"><img decoding=\"async\" src=\"http:\/\/joaliskapky.cz\/wp-content\/uploads\/2024\/02\/4.png\" alt=\"Astro a numerologii\" title=\"Astro a numerologii\"><\/span><input type=\"checkbox\" id=\"wpforms-776-field_6_4\" class=\"wpforms-screen-reader-element\" name=\"wpforms[fields][6][]\" value=\"Astro a numerologii\" aria-errormessage=\"wpforms-776-field_6_4-error\" tabindex=\"-1\"  ><span class=\"wpforms-image-choices-label\">Astro a numerologii<\/span><\/label><\/li><\/ul><\/fieldset><\/div><div id=\"wpforms-776-field_2-container\" class=\"wpforms-field wpforms-field-textarea\" data-field-id=\"2\"><label class=\"wpforms-field-label\" for=\"wpforms-776-field_2\">Jak v\u00e1m m\u016f\u017eu pomoci?<\/label><textarea id=\"wpforms-776-field_2\" class=\"wpforms-field-large\" name=\"wpforms[fields][2]\" aria-errormessage=\"wpforms-776-field_2-error\" ><\/textarea><\/div><\/div><!-- .wpforms-field-container --><div class=\"wpforms-submit-container\" ><input type=\"hidden\" name=\"wpforms[id]\" value=\"776\"><input type=\"hidden\" name=\"page_title\" value=\"\"><input type=\"hidden\" name=\"page_url\" value=\"http:\/\/joaliskapky.cz\/index.php\/wp-json\/wp\/v2\/pages\/779\"><input type=\"hidden\" name=\"url_referer\" value=\"\"><button type=\"submit\" name=\"wpforms[submit]\" id=\"wpforms-submit-776\" class=\"wpforms-submit\" data-alt-text=\"Odes\u00edl\u00e1n\u00ed...\" data-submit-text=\"Objednat se \u00bb\" aria-live=\"assertive\" value=\"wpforms-submit\">Objednat se \u00bb<\/button><\/div><\/form><\/div>  <!-- .wpforms-container --><\/div><\/div><\/div>\n\n\n\n<div class=\"wp-block-stackable-column stk-block-column stk-column stk-block stk-b9c9c39\" data-v=\"4\" data-block-id=\"b9c9c39\"><style>.stk-b9c9c39-container{margin-top:0px !important;margin-right:0px !important;margin-bottom:0px !important;margin-left:0px !important}@media screen and (min-width:768px){.stk-b9c9c39{flex:1 1 calc(35% - var(--stk-column-gap,0px) * 1 \/ 2 ) !important}}<\/style><div class=\"stk-column-wrapper stk-block-column__content stk-container stk-b9c9c39-container stk--no-background stk--no-padding\"><div class=\"stk-block-content stk-inner-blocks stk-b9c9c39-inner-blocks\">\n<div class=\"wp-block-stackable-heading stk-block-heading stk-block-heading--v2 stk-block stk-9003eb7\" id=\"adresa\" data-block-id=\"9003eb7\"><style>.stk-9003eb7{margin-bottom:8px !important}<\/style><h5 class=\"stk-block-heading__text\">Adresa<\/h5><\/div>\n\n\n\n<div class=\"wp-block-stackable-text stk-block-text stk-block stk-212121c\" data-block-id=\"212121c\"><style>.stk-212121c{margin-bottom:0px !important}<\/style><p class=\"stk-block-text__text\">8. kv\u011btna 7, Olomouc 772 00<\/p><\/div>\n\n\n\n<div class=\"wp-block-stackable-spacer stk-block-spacer stk--no-padding stk-block stk-000f4df\" data-block-id=\"000f4df\"><style>.stk-000f4df{height:50px !important}<\/style><\/div>\n\n\n\n<div class=\"wp-block-stackable-heading stk-block-heading stk-block-heading--v2 stk-block stk-cef93e8\" id=\"e-mail\" data-block-id=\"cef93e8\"><style>.stk-cef93e8{margin-bottom:8px !important}<\/style><h5 class=\"stk-block-heading__text\">E-mail<\/h5><\/div>\n\n\n\n<div class=\"wp-block-stackable-text stk-block-text stk-block stk-ee6f2a1\" data-block-id=\"ee6f2a1\"><style>.stk-ee6f2a1{margin-bottom:0px !important}<\/style><p class=\"stk-block-text__text\">jana@joaliskapky.cz<\/p><\/div>\n\n\n\n<div class=\"wp-block-stackable-spacer stk-block-spacer stk--no-padding stk-block stk-56c7d1b\" data-block-id=\"56c7d1b\"><style>.stk-56c7d1b{height:50px !important}<\/style><\/div>\n\n\n\n<div class=\"wp-block-stackable-heading stk-block-heading stk-block-heading--v2 stk-block stk-63387ea\" id=\"telefon\" data-block-id=\"63387ea\"><style>.stk-63387ea{margin-bottom:8px !important}<\/style><h5 class=\"stk-block-heading__text\">Telefon<\/h5><\/div>\n\n\n\n<div class=\"wp-block-stackable-text stk-block-text stk-block stk-67b7078\" data-block-id=\"67b7078\"><style>.stk-67b7078{margin-bottom:0px !important}<\/style><p class=\"stk-block-text__text\">+420 732 521 434<\/p><\/div>\n\n\n\n<div class=\"wp-block-stackable-spacer stk-block-spacer stk--no-padding stk-block stk-551d683\" data-block-id=\"551d683\"><style>.stk-551d683{height:50px !important}<\/style><\/div>\n\n\n\n<div class=\"wp-block-stackable-heading stk-block-heading stk-block-heading--v2 stk-block stk-69ff5eb\" id=\"jak-se-objendat\" data-block-id=\"69ff5eb\"><style>.stk-69ff5eb{margin-bottom:8px !important}<\/style><h5 class=\"stk-block-heading__text\">Jak se objendat?<\/h5><\/div>\n\n\n\n<div class=\"wp-block-stackable-text stk-block-text stk-block stk-70536fb\" data-block-id=\"70536fb\"><p class=\"stk-block-text__text\">Konzultaci si m\u016f\u017eete sjednat p\u0159es e-mail, kontaktn\u00ed formul\u00e1\u0159 nebo telefonicky. <\/p><\/div>\n<\/div><\/div><\/div>\n<\/div><\/div>\n\n\n\n<div class=\"wp-block-stackable-spacer stk-block-spacer stk--no-padding stk-block stk-7a35edd\" data-block-id=\"7a35edd\"><style>.stk-7a35edd{height:100px !important}@media screen and (max-width:1023px){.stk-7a35edd{height:70px !important}}@media screen and (max-width:767px){.stk-7a35edd{height:70px !important}}<\/style><\/div>\n\n\n\n<div class=\"wp-block-stackable-columns stk-block-columns stk-block stk-aec5096\" data-block-id=\"aec5096\"><style>.stk-aec5096{margin-bottom:0px !important}.stk-aec5096-column{--stk-column-gap:35px !important;row-gap:25px !important}<\/style><div class=\"stk-row stk-inner-blocks has-text-align-center-mobile stk-block-content stk-content-align stk-aec5096-column\">\n<div class=\"wp-block-stackable-column stk-block-column stk-column stk-block stk-33059ce\" data-v=\"4\" data-block-id=\"33059ce\"><style>.stk-33059ce-container{margin-top:0px !important;margin-right:0px !important;margin-bottom:0px !important;margin-left:0px !important}@media screen and (min-width:768px){.stk-33059ce{flex:1 1 calc(20.8% - var(--stk-column-gap,0px) * 1 \/ 2 ) !important}}<\/style><div class=\"stk-column-wrapper stk-block-column__content stk-container stk-33059ce-container stk--no-background stk--no-padding\"><div class=\"stk-block-content stk-inner-blocks stk-33059ce-inner-blocks\">\n<div class=\"wp-block-stackable-heading stk-block-heading stk-block-heading--v2 stk-block stk-c6f6f3a\" id=\"nabizene-sluzby\" data-block-id=\"c6f6f3a\"><style>@media screen and (max-width:767px){.stk-c6f6f3a .stk-block-heading__text{font-size:25px !important}}<\/style><h2 class=\"stk-block-heading__text\">Nab\u00edzen\u00e9 slu\u017eby<\/h2><\/div>\n<\/div><\/div><\/div>\n\n\n\n<div class=\"wp-block-stackable-column stk-block-column stk-column stk-block stk-8a0b54b\" data-v=\"4\" data-block-id=\"8a0b54b\"><style>.stk-8a0b54b-container{margin-top:0px !important;margin-right:0px !important;margin-bottom:0px !important;margin-left:0px !important}@media screen and (min-width:768px){.stk-8a0b54b{flex:1 1 calc(79.2% - var(--stk-column-gap,0px) * 1 \/ 2 ) !important}}<\/style><div class=\"stk-column-wrapper stk-block-column__content stk-container stk-8a0b54b-container stk--no-background stk--no-padding\"><div class=\"stk-block-content stk-inner-blocks stk-8a0b54b-inner-blocks\">\n<div class=\"wp-block-stackable-button-group stk-block-button-group stk-block stk-f6a8022\" data-block-id=\"f6a8022\"><style>.stk-f6a8022{margin-bottom:0px !important}<\/style><div class=\"stk-row stk-inner-blocks has-text-align-left has-text-align-center-mobile stk-block-content stk-button-group\">\n<div class=\"wp-block-stackable-button stk-block-button stk-block stk-8ae4935\" data-block-id=\"8ae4935\"><style>.stk-8ae4935 .stk-button{padding-top:12px !important;padding-right:40px !important;padding-bottom:12px !important;padding-left:40px !important;background:var(--theme-palette-color-1,#779393) !important;border-top-left-radius:50px !important;border-top-right-radius:50px !important;border-bottom-right-radius:50px !important;border-bottom-left-radius:50px !important}.stk-8ae4935 .stk-button .stk--inner-svg svg:last-child,.stk-8ae4935 .stk-button .stk--inner-svg svg:last-child :is(g,path,rect,polygon,ellipse){fill:var(--theme-palette-color-1,#779393) !important}.stk-8ae4935 .stk-button__inner-text{font-size:1.2em !important;color:var(--theme-palette-color-8,#ffffff) !important}@media screen and (max-width:1023px){.stk-8ae4935 .stk-button__inner-text{font-size:1.2em !important}}<\/style><a class=\"stk-link stk-button stk--hover-effect-darken\" href=\"http:\/\/joaliskapky.cz\/#poskytovane-sluzby\"><span class=\"has-text-color has-palette-color-1-color stk-button__inner-text\">Pod\u00edvat se<\/span><\/a><\/div>\n<\/div><\/div>\n<\/div><\/div><\/div>\n<\/div><\/div>\n\n\n\n<div class=\"wp-block-stackable-spacer stk-block-spacer stk--no-padding stk-block stk-51781c9\" data-block-id=\"51781c9\"><style>.stk-51781c9{height:50px !important}<\/style><\/div>\n","protected":false},"excerpt":{"rendered":"<p>Objednat se Adresa 8. kv\u011btna 7, Olomouc 772 00 E-mail jana@joaliskapky.cz Telefon +420 732 521 434 Jak se objendat? Konzultaci si m\u016f\u017eete sjednat p\u0159es e-mail, kontaktn\u00ed formul\u00e1\u0159 nebo telefonicky. Nab\u00edzen\u00e9 slu\u017eby Pod\u00edvat se<\/p>\n","protected":false},"author":1,"featured_media":0,"parent":0,"menu_order":0,"comment_status":"closed","ping_status":"closed","template":"","meta":{"_exactmetrics_skip_tracking":false,"_exactmetrics_sitenote_active":false,"_exactmetrics_sitenote_note":"","_exactmetrics_sitenote_category":0,"_monsterinsights_skip_tracking":false,"_monsterinsights_sitenote_active":false,"_monsterinsights_sitenote_note":"","_monsterinsights_sitenote_category":0,"_uf_show_specific_survey":0,"_uf_disable_surveys":false,"footnotes":""},"blocksy_meta":{"styles_descriptor":{"styles":{"desktop":"","tablet":"","mobile":""},"google_fonts":[],"version":6},"page_title_panel":"","has_hero_section":"default","db567741911212a6487ad77c7235ff4e":"","hero_section":"type-1","hero_elements":[{"id":"custom_title","enabled":true,"heading_tag":"h1","title":"Home"},{"id":"custom_description","enabled":true,"description_visibility":{"desktop":true,"tablet":true,"mobile":false}},{"id":"custom_meta","enabled":false,"meta_elements":[{"id":"author","enabled":true,"label":"By","has_author_avatar":"yes","avatar_size":25},{"id":"post_date","enabled":true,"label":"On","date_format_source":"default","date_format":"M j, Y"},{"id":"updated_date","enabled":false,"label":"On","date_format_source":"default","date_format":"M j, Y"},{"id":"categories","enabled":false,"label":"In","style":"simple"},{"id":"comments","enabled":true}],"page_meta_elements":{"joined":true,"articles_count":true,"comments":true}},{"id":"breadcrumbs","enabled":false}],"46a7bfb2347eb4634d2d85ba2c89301f":"","hero_alignment1":"CT_CSS_SKIP_RULE","hero_margin":40,"hero_alignment2":"center","hero_vertical_alignment":"center","04357bfccb4668ce5a987e34dc06edc4":"","hero_structure":"narrow","4992c1e4e4c6446d5f43691493dd6e4b":"","page_title_bg_type":"featured_image","custom_hero_background":{"attachment_id":null},"parallax":{"desktop":false,"tablet":false,"mobile":false},"86b7ee5a2649ba534360b742cb20231a":"","hero_height":"250px","pageTitleFont":{"family":"Default","variation":"Default","size":"30px","line-height":"CT_CSS_SKIP_RULE","letter-spacing":"CT_CSS_SKIP_RULE","text-transform":"CT_CSS_SKIP_RULE","text-decoration":"CT_CSS_SKIP_RULE"},"pageTitleFontColor":{"default":{"color":"CT_CSS_SKIP_RULEDEFAULT"}},"pageMetaFont":{"family":"Default","variation":"n6","size":"12px","line-height":"1.3","letter-spacing":"CT_CSS_SKIP_RULE","text-transform":"uppercase","text-decoration":"CT_CSS_SKIP_RULE"},"pageMetaFontColor":{"default":{"color":"CT_CSS_SKIP_RULEDEFAULT"},"hover":{"color":"CT_CSS_SKIP_RULEDEFAULT"}},"page_meta_button_type_font_colors":{"default":{"color":"CT_CSS_SKIP_RULEDEFAULT"},"hover":{"color":"CT_CSS_SKIP_RULEDEFAULT"}},"page_meta_button_type_background_colors":{"default":{"color":"CT_CSS_SKIP_RULEDEFAULT"},"hover":{"color":"CT_CSS_SKIP_RULEDEFAULT"}},"pageExcerptFont":{"family":"Default","variation":"Default","size":"CT_CSS_SKIP_RULE","line-height":"CT_CSS_SKIP_RULE","letter-spacing":"CT_CSS_SKIP_RULE","text-transform":"CT_CSS_SKIP_RULE","text-decoration":"CT_CSS_SKIP_RULE"},"pageExcerptColor":{"default":{"color":"CT_CSS_SKIP_RULEDEFAULT"}},"breadcrumbsFont":{"family":"Default","variation":"Default","size":"CT_CSS_SKIP_RULE","line-height":"CT_CSS_SKIP_RULE","letter-spacing":"CT_CSS_SKIP_RULE","text-transform":"CT_CSS_SKIP_RULE","text-decoration":"CT_CSS_SKIP_RULE"},"breadcrumbsFontColor":{"default":{"color":"CT_CSS_SKIP_RULEDEFAULT"},"initial":{"color":"CT_CSS_SKIP_RULEDEFAULT"},"hover":{"color":"CT_CSS_SKIP_RULEDEFAULT"}},"pageTitleOverlay":{"background_type":"color","background_pattern":"type-1","background_image":{"attachment_id":null,"x":0,"y":0},"gradient":"linear-gradient(135deg,rgba(6,147,227,1) 0%,rgb(155,81,224) 100%)","background_repeat":"repeat","background_size":"auto","background_attachment":"scroll","patternColor":{"default":{"color":"#e5e7ea"}},"overlayColor":{"default":{"color":"CT_CSS_SKIP_RULE"}},"backgroundColor":{"default":{"color":"CT_CSS_SKIP_RULE"}}},"pageTitleBackground":{"background_type":"color","background_pattern":"type-1","background_image":{"attachment_id":null,"x":0,"y":0},"gradient":"linear-gradient(135deg,rgba(6,147,227,1) 0%,rgb(155,81,224) 100%)","background_repeat":"repeat","background_size":"auto","background_attachment":"scroll","patternColor":{"default":{"color":"#e5e7ea"}},"overlayColor":{"default":{"color":"CT_CSS_SKIP_RULE"}},"backgroundColor":{"default":{"color":"var(--theme-palette-color-6)"}}},"pageTitlePadding":{"top":"50px","bottom":"50px","left":"auto","right":"auto","linked":true},"ec35447805dc43b925eef837508073fa":"","page_structure_type":"default","8e721d55ef1c936694f832c201ce78cb":"","content_style_source":"inherit","content_style":"wide","vertical_spacing_source":"custom","content_area_spacing":"none","background":{"background_type":"color","background_pattern":"type-1","background_image":{"attachment_id":null,"x":0,"y":0},"gradient":"linear-gradient(135deg,rgba(6,147,227,1) 0%,rgb(155,81,224) 100%)","background_repeat":"repeat","background_size":"auto","background_attachment":"scroll","patternColor":{"default":{"color":"#e5e7ea"}},"overlayColor":{"default":{"color":"CT_CSS_SKIP_RULE"}},"backgroundColor":{"default":{"color":"CT_CSS_SKIP_RULE"}}},"content_background":{"background_type":"color","background_pattern":"type-1","background_image":{"attachment_id":null,"x":0,"y":0},"gradient":"linear-gradient(135deg,rgba(6,147,227,1) 0%,rgb(155,81,224) 100%)","background_repeat":"repeat","background_size":"auto","background_attachment":"scroll","patternColor":{"default":{"color":"#e5e7ea"}},"overlayColor":{"default":{"color":"CT_CSS_SKIP_RULE"}},"backgroundColor":{"default":{"color":"var(--theme-palette-color-8)"}}},"content_boxed_shadow":{"inherit":false,"blur":18,"spread":-6,"v_offset":12,"h_offset":0,"inset":false,"enable":true,"color":{"color":"rgba(34, 56, 101, 0.04)"}},"boxed_content_spacing":{"desktop":{"top":"40px","bottom":"40px","left":"40px","right":"40px","linked":true},"tablet":{"top":"35px","bottom":"35px","left":"35px","right":"35px","linked":true},"mobile":{"top":"20px","bottom":"20px","left":"20px","right":"20px","linked":true}},"content_boxed_radius":{"top":"3px","bottom":"3px","left":"3px","right":"3px","linked":true},"1842a503b3240f204f30e3a0cf58ed01":"","disable_featured_image":"no","disable_share_box":"no","disable_header":"no","disable_footer":"no"},"aioseo_notices":[],"featured_image_urls":{"full":"","thumbnail":"","medium":"","medium_large":"","large":"","1536x1536":"","2048x2048":""},"post_excerpt_stackable":"<p>Objednat se Chcete-li vyplnit tento formul\u00e1\u0159, pros\u00edm povolte v prohl\u00ed\u017ee\u010di JavaScript.Chcete-li vyplnit tento formul\u00e1\u0159, pros\u00edm povolte v prohl\u00ed\u017ee\u010di JavaScript.Jm\u00e9no a p\u0159ijmen\u00ed *Email *Kdy se v\u00e1m to hod\u00ed? *Chci se objednat na:KonzultaciKontroluMas\u00e1\u017e CeragemAstro a numerologiiJak v\u00e1m m\u016f\u017eu pomoci?Objednat se \u00bb Adresa 8. kv\u011btna 7, Olomouc 772 00 E-mail jana@joaliskapky.cz Telefon +420 732 521 434 Jak se objendat? Konzultaci si m\u016f\u017eete sjednat p\u0159es e-mail, kontaktn\u00ed formul\u00e1\u0159 nebo telefonicky. Nab\u00edzen\u00e9 slu\u017eby Pod\u00edvat se<\/p>\n","category_list":"","author_info":{"name":"Jana Navr\u00e1tilov\u00e1","url":"http:\/\/joaliskapky.cz\/index.php\/author\/jana\/"},"comments_num":"0 comments","_links":{"self":[{"href":"http:\/\/joaliskapky.cz\/index.php\/wp-json\/wp\/v2\/pages\/779"}],"collection":[{"href":"http:\/\/joaliskapky.cz\/index.php\/wp-json\/wp\/v2\/pages"}],"about":[{"href":"http:\/\/joaliskapky.cz\/index.php\/wp-json\/wp\/v2\/types\/page"}],"author":[{"embeddable":true,"href":"http:\/\/joaliskapky.cz\/index.php\/wp-json\/wp\/v2\/users\/1"}],"replies":[{"embeddable":true,"href":"http:\/\/joaliskapky.cz\/index.php\/wp-json\/wp\/v2\/comments?post=779"}],"version-history":[{"count":7,"href":"http:\/\/joaliskapky.cz\/index.php\/wp-json\/wp\/v2\/pages\/779\/revisions"}],"predecessor-version":[{"id":915,"href":"http:\/\/joaliskapky.cz\/index.php\/wp-json\/wp\/v2\/pages\/779\/revisions\/915"}],"wp:attachment":[{"href":"http:\/\/joaliskapky.cz\/index.php\/wp-json\/wp\/v2\/media?parent=779"}],"curies":[{"name":"wp","href":"https:\/\/api.w.org\/{rel}","templated":true}]}}